{"id":3231,"date":"2018-03-28T17:32:00","date_gmt":"2018-03-28T17:32:00","guid":{"rendered":"https:\/\/russafaescenica.com\/?page_id=3231"},"modified":"2018-03-28T17:32:00","modified_gmt":"2018-03-28T17:32:00","slug":"que-es-el-invernadero","status":"publish","type":"page","link":"https:\/\/russafaescenica.com\/es\/que-es-el-invernadero\/","title":{"rendered":"\u00bfQu\u00e9 es el INVERNADERO?"},"content":{"rendered":"<p>El INVERNADERO es una propuesta esc\u00e9nica,\u00a0producci\u00f3n propia del Festival,\u00a0de\u00a060 minutos aproximadamente, resultado de un taller gratuito entre actores, bailarines y cantantes reci\u00e9n licenciados en cualquiera de las escuelas de la Comunitat Valenciana, y un director o directora\u00a0con una trayectoria reconocida y consolidada tambi\u00e9n de la Comunitat Valenciana.<\/p>\n<p>El INVERNADERO DE RUSSAFA ESC\u00c8NICA es tambi\u00e9n una de las propuestas \u201cestrellas\u201d del Festival dentro de su programaci\u00f3n, pues se trata de una propuesta pionera que junta sobre el escenario a cerca de veinte int\u00e9rpretes de todas las escuelas de la Comunitat Valenciana que se decidan presentar para trabajar y crear en poco m\u00e1s de un mes un proyecto que se estrenar\u00e1 y ver\u00e1 la luz dentro del marco del Festival.<\/p>\n<p>El INVERNADERO es un proyecto testado que ha resultado exitoso desde su creaci\u00f3n en el 2013, cuando el actor, director y dramaturgo Chema Carde\u00f1a realiz\u00f3 la propuesta <strong>\u201cTROYA, la conquista de la felicidad\u201d. <\/strong>En 2014 fue el dramaturgo, guionista y director de cine y teatro valenciano Gabriel Ochoa, en colaboraci\u00f3n con la Plataforma Creadores, la Plataforma OTI, Las Naves de Valencia y la Sala Russafa, qui\u00e9n se enfrent\u00f3 al reto con la propuesta, <strong>\u201cNO HABLES DE ELLO<\/strong>\u201d. Para la V edici\u00f3n del Festival, la responsable de dirigir El Invernadero fue la actriz y directora, Eva Zapico, con el proyecto <strong>\u201cLA MEJOR FAMILIA DEL MUNDO\u201d<\/strong>. En 2016, el espect\u00e1culo estuvo a cargo de Jer\u00f3nimo Cornelles, que cre\u00f3 <strong>\u201cHIJOS DE VER\u00d3NICA, GENERACI\u00d3N DEL MIEDO\u201d.\u00a0<\/strong>En el a\u00f1o 2017 Mar\u00eda Jos\u00e9 Peris dise\u00f1\u00f3 el espect\u00e1culo musical <strong>\u201cSER O NO SER\u201d <\/strong>con alumnos de interpretaci\u00f3n y m\u00fasica.\u00a0<\/p>\n<p>En la octava edici\u00f3n del FESTIVAL RUSSAFA ESC\u00c8NICA el INVERNADERO se atreve con el <em>movimiento. <\/em>Los bailarines y core\u00f3grafos <strong>Tatiana Clavel <\/strong>y <strong>Santiago de La Fuente<\/strong>, de la Compa\u00f1\u00eda <strong>La Coja Dansa<\/strong>, son los encargados de dirigir este apasionante y enriquecedor proyecto colaborativo, horizontal y pionero en la Comunidad Valenciana.\u00a0<\/p>\n<p>El Invernadero 2018 es una coproducci\u00f3n de Russafa Esc\u00e8nica y Teatre Auditori de Catarroja, con la colaboraci\u00f3n de la Sala Russafa y el Excelent\u00edsimo Ayuntamiento de Valencia.<\/p>\n<p><a href=\"https:\/\/russafaescenica.com\/wp-content\/uploads\/logos_inver.jpg\"><img loading=\"lazy\" decoding=\"async\" class=\"alignnone  wp-image-3232\" src=\"https:\/\/russafaescenica.com\/wp-content\/uploads\/logos_inver.jpg\" alt=\"\" width=\"626\" height=\"93\" \/><\/a><\/p>\n","protected":false},"excerpt":{"rendered":"<p>El INVERNADERO es una propuesta esc\u00e9nica,\u00a0producci\u00f3n propia del Festival,\u00a0de\u00a060 minutos aproximadamente, resultado de un taller gratuito entre actores, bailarines y &hellip; <a href=\"https:\/\/russafaescenica.com\/es\/que-es-el-invernadero\/\">Continued<\/a><\/p>\n","protected":false},"author":1,"featured_media":0,"parent":0,"menu_order":46,"comment_status":"closed","ping_status":"closed","template":"","meta":{"_acf_changed":false,"inline_featured_image":false,"footnotes":""},"class_list":["post-3231","page","type-page","status-publish","hentry"],"acf":[],"_links":{"self":[{"href":"https:\/\/russafaescenica.com\/es\/wp-json\/wp\/v2\/pages\/3231","targetHints":{"allow":["GET"]}}],"collection":[{"href":"https:\/\/russafaescenica.com\/es\/wp-json\/wp\/v2\/pages"}],"about":[{"href":"https:\/\/russafaescenica.com\/es\/wp-json\/wp\/v2\/types\/page"}],"author":[{"embeddable":true,"href":"https:\/\/russafaescenica.com\/es\/wp-json\/wp\/v2\/users\/1"}],"replies":[{"embeddable":true,"href":"https:\/\/russafaescenica.com\/es\/wp-json\/wp\/v2\/comments?post=3231"}],"version-history":[{"count":1,"href":"https:\/\/russafaescenica.com\/es\/wp-json\/wp\/v2\/pages\/3231\/revisions"}],"predecessor-version":[{"id":3233,"href":"https:\/\/russafaescenica.com\/es\/wp-json\/wp\/v2\/pages\/3231\/revisions\/3233"}],"wp:attachment":[{"href":"https:\/\/russafaescenica.com\/es\/wp-json\/wp\/v2\/media?parent=3231"}],"curies":[{"name":"wp","href":"https:\/\/api.w.org\/{rel}","templated":true}]}}

¿Qué es el INVERNADERO?

<p>El INVERNADERO es una propuesta escénica, producción propia del Festival, de 60 minutos aproximadamente, resultado de un taller gratuito entre actores, bailarines y cantantes recién licenciados en cualquiera de las escuelas de la Comunitat Valenciana, y un director o directora con una trayectoria reconocida y consolidada también de la Comunitat Valenciana.</p>
<p>El INVERNADERO DE RUSSAFA ESCÈNICA es también una de las propuestas “estrellas” del Festival dentro de su programación, pues se trata de una propuesta pionera que junta sobre el escenario a cerca de veinte intérpretes de todas las escuelas de la Comunitat Valenciana que se decidan presentar para trabajar y crear en poco más de un mes un proyecto que se estrenará y verá la luz dentro del marco del Festival.</p>
<p>El INVERNADERO es un proyecto testado que ha resultado exitoso desde su creación en el 2013, cuando el actor, director y dramaturgo Chema Cardeña realizó la propuesta <strong>“TROYA, la conquista de la felicidad”. </strong>En 2014 fue el dramaturgo, guionista y director de cine y teatro valenciano Gabriel Ochoa, en colaboración con la Plataforma Creadores, la Plataforma OTI, Las Naves de Valencia y la Sala Russafa, quién se enfrentó al reto con la propuesta, <strong>“NO HABLES DE ELLO</strong>”. Para la V edición del Festival, la responsable de dirigir El Invernadero fue la actriz y directora, Eva Zapico, con el proyecto <strong>“LA MEJOR FAMILIA DEL MUNDO”</strong>. En 2016, el espectáculo estuvo a cargo de Jerónimo Cornelles, que creó <strong>“HIJOS DE VERÓNICA, GENERACIÓN DEL MIEDO”. </strong>En el año 2017 María José Peris diseñó el espectáculo musical <strong>“SER O NO SER” </strong>con alumnos de interpretación y música. </p>
<p>En la octava edición del FESTIVAL RUSSAFA ESCÈNICA el INVERNADERO se atreve con el <em>movimiento. </em>Los bailarines y coreógrafos <strong>Tatiana Clavel </strong>y <strong>Santiago de La Fuente</strong>, de la Compañía <strong>La Coja Dansa</strong>, son los encargados de dirigir este apasionante y enriquecedor proyecto colaborativo, horizontal y pionero en la Comunidad Valenciana. </p>
<p>El Invernadero 2018 es una coproducción de Russafa Escènica y Teatre Auditori de Catarroja, con la colaboración de la Sala Russafa y el Excelentísimo Ayuntamiento de Valencia.</p>
<p><a href="https://russafaescenica.com/wp-content/uploads/logos_inver.jpg"><img loading="lazy" decoding="async" class="alignnone  wp-image-3232" src="https://russafaescenica.com/wp-content/uploads/logos_inver.jpg" alt="" width="626" height="93" /></a></p>

<p>El INVERNADERO es una propuesta escénica, producción propia del Festival, de 60 minutos aproximadamente, resultado de un taller gratuito entre actores, bailarines y &hellip; <a href="https://russafaescenica.com/es/que-es-el-invernadero/">Continued</a></p>
